13?
6
Convert 78 (base 10) to base 8.
116
What is 6 (base 16) in base 4?
12
3 (base 15) to base 10
3
Convert 0 (base 8) to base 9.
0
What is 3 (base 10) in base 6?
3
2 (base 14) to base 9
2
What is -6 (base 8) in base 12?
-6
Convert 240 (base 5) to base 14.
50
Convert -8 (base 16) to base 8.
-10
What is -10 (base 5) in base 15?
-5
Convert -27 (base 16) to base 12.
-33
What is 2 (base 3) in base 16?
2
What is 3b (base 12) in base 15?
32
Convert 10 (base 3) to base 10.
3
5 (base 15) to base 2
101
What is -3 (base 8) in base 4?
-3
cc (base 13) to base 15
b3
0 (base 4) to base 10
0
What is 3 (base 12) in base 4?
3
Convert -2 (base 15) to base 3.
-2
What is -11 (base 2) in base 11?
-3
What is -1000 (base 2) in base 14?
-8
303 (base 4) to base 11
47
What is -21 (base 4) in base 16?
-9
-11110 (base 2) to base 8
-36
-a (base 12) to base 3
-101
Convert -100 (base 3) to base 2.
-1001
-2b (base 14) to base 6
-103
21 (base 14) to base 4
131
What is 101 (base 15) in base 3?
22101
What is 21 (base 9) in base 2?
10011
164 (base 8) to base 16
74
What is -10100000 (base 2) in base 3?
-12221
What is -3 (base 8) in base 2?
-11
Convert 1 (base 12) to base 3.
1
Convert 40 (base 5) to base 16.
14
Convert 223 (base 12) to base 3.
102200
46 (base 10) to base 11
42
What is 66 (base 8) in base 2?
110110
What is 146 (base 14) in base 8?
402
Convert -332 (base 5) to base 15.
-62
-6 (base 13) to base 15
-6
12112 (base 3) to base 12
105
What is 63 (base 7) in base 5?
140
What is 112 (base 3) in base 5?
24
-3 (base 16) to base 11
-3
Convert -3 (base 8) to base 7.
-3
Convert -235 (base 6) to base 10.
-95
2d (base 14) to base 8
51
What is -11 (base 3) in base 10?
-4
-11 (base 6) to base 13
-7
What is 12 (base 3) in base 7?
5
Convert -2a (base 12) to base 13.
-28
What is -42 (base 5) in base 4?
-112
What is -180 (base 9) in base 4?
-2121
Convert 4 (base 6) to base 3.
11
Convert -1110 (base 2) to base 5.
-24
-30 (base 10) to base 5
-110
What is 0 (base 2) in base 4?
0
1 (base 3) to base 6
1
-2 (base 12) to base 5
-2
0 (base 8) to base 12
0
What is -66 (base 12) in base 13?
-60
Convert -5 (base 12) to base 11.
-5
Convert -18 (base 10) to base 4.
-102
What is -11 (base 15) in base 12?
-14
Convert -133 (base 7) to base 5.
-243
Convert -5 (base 14) to base 10.
-5
Convert -3a (base 14) to base 8.
-64
What is a (base 15) in base 9?
11
Convert 10010 (base 2) to base 4.
102
-3 (base 12) to base 15
-3
-4 (base 14) to base 8
-4
What is -4 (base 5) in base 2?
-100
Convert -4 (base 10) to base 4.
-10
33 (base 10) to base 12
29
Convert 204 (base 5) to base 16.
36
Convert 101011 (base 2) to base 12.
37
-1221 (base 4) to base 6
-253
Convert 41 (base 9) to base 5.
122
What is 0 (base 4) in base 9?
0
-2 (base 16) to base 15
-2
Convert -5 (base 12) to base 10.
-5
Convert 114 (base 6) to base 3.
1201
Convert -1 (base 6) to base 12.
-1
Convert a (base 16) to base 14.
a
111111 (base 2) to base 9
70
-1 (base 4) to base 12
-1
Convert -13 (base 16) to base 8.
-23
What is 54 (base 14) in base 4?
1022
What is 167 (base 10) in base 11?
142
What is -22 (base 3) in base 6?
-12
108 (base 14) to base 16
cc
Convert -a (base 11) to base 2.
-1010
Convert -31 (base 7) to base 8.
-26
What is 12 (base 4) in base 15?
6
3 (base 5) to base 14
3
Convert -4 (base 13) to base 4.
-10
Convert -b4 (base 12) to base 13.
-a6
Convert ae (base 16) to base 9.
213
-35 (base 6) to base 3
-212
What is 22 (base 6) in base 16?
e
Convert 5 (base 6) to base 5.
10
Convert 20 (base 13) to base 11.
24
5 (base 15) to base 10
5
Convert -4 (base 16) to base 12.
-4
1 (base 13) to base 16
1
What is -4b (base 16) in base 7?
-135
What is -1 (base 3) in base 10?
-1
What is 13 (base 13) in base 7?
22
What is 213 (base 4) in base 6?
103
Convert -1131 (base 4) to base 16.
-5d
Convert -2 (base 3) to base 10.
-2
Convert -11 (base 12) to base 8.
-15
-33 (base 7) to base 16
-18
-11 (base 7) to base 8
-10
-120 (base 6) to base 2
-110000
Convert -6 (base 15) to base 14.
-6
Convert 0 (base 9) to base 6.
0
What is -11 (base 16) in base 3?
-122
-413 (base 6) to base 8
-231
1113 (base 5) to base 13
c2
-1 (base 10) to base 12
-1
What is 37 (base 9) in base 5?
114
-143 (base 5) to base 12
-40
2 (base 14) to base 9
2
Convert 2020 (base 4) to base 10.
136
Convert -26 (base 13) to base 16.
-20
30 (base 4) to base 12
10
1a (base 11) to base 5
41
Convert 11101 (base 4) to base 11.
287
Convert 14 (base 5) to base 12.
9
Convert 1231 (base 4) to base 3.
11001
112 (base 3) to base 10
14
-17 (base 11) to base 13
-15
Convert -4 (base 15) to base 13.
-4
22 (base 4) to base 14
a
20 (base 3) to base 11
6
What is -5 (base 8) in base 7?
-5
What is -1020 (base 4) in base 13?
-57
What is -83 (base 11) in base 15?
-61
What is 3110 (base 4) in base 15?
e2
What is -1100 (base 2) in base 3?
-110
-2b (base 15) to base 7
-56
Convert 254 (base 8) to base 15.
b7
-1011 (base 2) to base 4
-23
32 (base 11) to base 7
50
What is 24 (base 5) in base 3?
112
1 (base 12) to base 10
1
What is 7 (base 10) in base 13?
7
Convert 35 (base 10) to base 12.
2b
Convert 2 (base 12) to base 13.
2
0 (base 11) to base 3
0
-b (base 13) to base 10
-11
-5 (base 6) to base 16
-5
What is 0 (base 5) in base 12?
0
Convert 211 (base 8) to base 15.
92
What is -51 (base 6) in base 14?
-23
Convert -20 (base 5) to base 15.
-a
What is 6 (base 15) in base 16?
6
20 (base 3) to base 13
6
What is 401 (base 7) in base 11?
16a
Convert 11001 (base 2) to base 13.
1c
Convert -5a (base 15) to base 14.
-61
-3 (base 12) to base 10
-3
What is 3d (base 16) in base 2?
111101
What is -2 (base 15) in base 9?
-2
Convert -1 (base 4) to base 16.
-1
What is 14 (base 14) in base 4?
102
Convert 7 (base 13) to base 5.
12
Convert 3 (base 4) to base 11.
3
66 (base 9) to base 2
111100
-4 (base 12) to base 7
-4
Convert 6 (base 14) to base 16.
6
What is -3 (base 6) in base 14?
-3
What is -26 (base 8) in base 12?
-1a
Convert 1 (base 14) to base 4.
1
24 (base 7) to base 6
30
Convert -12 (base 4) to base 11.
-6
611 (base 7) to base 8
456
What is 1ab (base 13) in base 9?
374
Convert -1 (base 13) to base 14.
-1
Convert -55 (base 15) to base 9.
-88
Convert -20 (base 16) to base 13.
-26
Convert -111000 (base 2) to base 11.
-51
What is b4 (base 12) in base 16?
88
230 (base 4) to base 11
40
3 (base 9) to base 10
3
Convert -2 (base 12) to base 10.
-2
What is 58 (base 15) in base 8?
123
Convert -2 (base 10) to base 6.
-2
3 (base 9) to base 4
3
What is -16 (base 8) in base 14?
-10
What is 67 (base 13) in base 4?
1111
-1000 (base 2) to base 6
-12
-3 (base 14) to base 4
-3
-12 (base 13) to base 16
-f
6 (base 15) to base 13
6
What is 10 (base 4) in base 13?
4
Convert 32 (base 4) to base 3.
112
Convert -2 (base 13) to base 4.
-2
What is -69 (base 13) in base 12?
-73
Convert -58 (base 10) to base 3.
-2011
What is -24 (base 8) in base 13?
-17
What is 21 (base 14) in base 13?
23
What is 403 (base 5) in base 16?
67
Convert -b (base 12) to base 5.
-21
What is 8 (base 16) in base 2?
1000
What is 0 (base 12) in base 4?
0
What is -2 (base 3) in base 14?
-2
What is -7 (base 16) in base 12?
-7
Convert 4 (base 6) to base 9.
4
What is -148 (base 16) in base 15?
-16d
What is 434 (base 5) in base 2?
1110111
Convert 24 (base 7) to base 8.
22
What is 111 (base 2) in base 16?
7
Convert -2 (base 12) to base 8.
-2
What is 4b (base 15) in base 9?
78
-15 (base 8) to base 3
-111
What is 8 (base 13) in base 7?
11
Convert -22 (base 3) to base 2.
-1000
Convert 0 (base 5) to base 2.
0
e (base 16) to base 11
13
10111 (base 2) to base 15
18
-22202 (base 3) to base 4
-3230
-100110 (base 3) to base 9
-313
Convert -101000 (base 2) to base 12.
-34
What is 435 (base 7) in base 12?
166
What is -6 (base 14) in base 2?
-110
Convert -303 (base 5) to base 9.
-86
-10 (base 5) to base 3
-12
Convert -23 (base 15) to base 5.
-113
Convert -20 (base 3) to base 2.
-110
Convert dc (base 16) to base 2.
11011100
Convert 1 (base 10) to base 5.
1
Convert -5 (base 7) to base 14.
-5
-60 (base 12) to base 10
-72
Convert e (base 15) to base 4.
32
What is 6 (base 14) in base 7?
6
267 (base 11) to base 6
1243
-162 (base 8) to base 13
-8a
Convert -3 (base 8) to base 7.
-3
Convert 15 (base 14) to base 4.
103
3 (base 13) to base 8
3
Convert 75 (base 12) to base 7.
155
2 (base 10) to base 8
2
Convert -1 (base 14) to b